b
In base 13, what is 1 + 20?
21
In base 13, what is 9 - -6?
12
In base 16, what is -a2 + 5?
-9d
In base 13, what is -1c + -205?
-224
In base 10, what is 2755 - 4?
2751
In base 16, what is -4 - 13?
-17
In base 8, what is 37 - 4?
33
In base 7, what is 4 - 62?
-55
In base 3, what is -1 + 11000102?
11000101
In base 9, what is 318 - -30?
348
In base 10, what is 4 + -107?
-103
In base 6, what is -11 - 4?
-15
In base 10, what is 332 + 3?
335
In base 13, what is -2a + 4?
-26
In base 8, what is 16 - 10?
6
In base 5, what is 302 + 3?
310
In base 13, what is -86 - -2?
-84
In base 7, what is -5 - -54?
46
In base 7, what is 122 + -32?
60
In base 15, what is a - -e?
19
In base 11, what is -3 + -18?
-20
In base 9, what is -5 + 1201?
1185
In base 14, what is 5 - -18?
1d
In base 12, what is -3 - -a59?
a56
In base 16, what is -2 + -12c?
-12e
In base 7, what is -51001 + -3?
-51004
In base 13, what is 1c + 5?
24
In base 8, what is 5 + 615?
622
In base 10, what is 12704 + 2?
12706
In base 6, what is -33012 + -4?
-33020
In base 13, what is -2b + b?
-20
In base 9, what is 142 - -1?
143
In base 16, what is -3 + -4bc?
-4bf
In base 11, what is 24 - -6?
2a
In base 9, what is -33 + 41?
7
In base 2, what is 111001111 + 11100?
111101011
In base 10, what is -5 + -58?
-63
In base 14, what is 20 + 1?
21
In base 12, what is -367 + 0?
-367
In base 11, what is -2 - -853?
851
In base 16, what is 3 - 15?
-12
In base 6, what is -11 - -23?
12
In base 9, what is -882 + -7?
-1000
In base 7, what is 3 + 156?
162
In base 2, what is 111001110101110 - -11?
111001110110001
In base 9, what is 1472 - 11?
1461
In base 11, what is -5 - a1?
-a6
In base 10, what is 2573 - -1?
2574
In base 16, what is 9 - -40?
49
In base 6, what is 0 - 134?
-134
In base 13, what is 22 + 3b?
60
In base 12, what is 2 + 141?
143
In base 8, what is 3 - -147?
152
In base 10, what is -30 - -247?
217
In base 6, what is 2123 + -1?
2122
In base 7, what is 34 + 3?
40
In base 15, what is 7 - 33?
-2b
In base 15, what is -4e + -4?
-53
In base 14, what is -bd + 4?
-b9
In base 13, what is -6 - 15?
-1b
In base 15, what is -18ec + 2?
-18ea
In base 7, what is 4615 - 0?
4615
In base 15, what is 10 - 11?
-1
In base 7, what is -1 - 205?
-206
In base 16, what is 6 + -76d?
-767
In base 3, what is 210 + 12?
222
In base 9, what is -1 - 3318?
-3320
In base 16, what is 2a + a?
34
In base 8, what is 2 - 762?
-760
In base 13, what is -2 + -16b?
-170
In base 10, what is 1880 - 0?
1880
In base 2, what is 0 - -11101011?
11101011
In base 16, what is -3 + -a3?
-a6
In base 2, what is -101 + 110?
1
In base 16, what is 9 - -293?
29c
In base 9, what is 8 - -1372?
1381
In base 13, what is 9c2 + 4?
9c6
In base 14, what is -1b9 - -41?
-178
In base 13, what is -5 + -7?
-c
In base 14, what is 50d + -3?
50a
In base 7, what is -6 + 312?
303
In base 10, what is 0 - 80?
-80
In base 5, what is 3 + 143111?
143114
In base 5, what is 13 + 433?
1001
In base 14, what is -bc + -2c?
-10a
In base 10, what is -346 + 4?
-342
In base 5, what is 4100 - 0?
4100
In base 10, what is 232 + 4?
236
In base 14, what is -5 - -48?
43
In base 11, what is 5 - -31?
36
In base 7, what is -53533 - -1?
-53532
In base 7, what is -13260 - 2?
-13262
In base 6, what is -204 - 23?
-231
In base 6, what is 5 - -2431?
2440
In base 9, what is -4 + -52?
-56
In base 11, what is 12 - -193?
1a5
In base 8, what is 62 - 2?
60
In base 15, what is 21e + 3?
222
In base 7, what is -1012 + -155?
-1200
In base 13, what is 6 - 8?
-2
In base 8, what is -3 - 200?
-203
In base 10, what is 169 - -10?
179
In base 15, what is 0 - -370?
370
In base 10, what is -3 + 135?
132
In base 14, what is 1 + d?
10
In base 8, what is 3 + -224?
-221
In base 10, what is -8 + -24?
-32
In base 12, what is a0b - -4?
a13
In base 16, what is -5 - -2?
-3
In base 3, what is -1111 + -1?
-1112
In base 9, what is 25 - -63?
88
In base 9, what is -13088 - -2?
-13086
In base 6, what is 4344 - -4?
4352
In base 8, what is -1 - -56?
55
In base 12, what is 5 - 41?
-38
In base 10, what is 1162 - 1?
1161
In base 3, what is -11100 - 0?
-11100
In base 13, what is 1982 + -4?
197b
In base 13, what is 3 - -1c3?
1c6
In base 7, what is 1036 + -3?
1033
In base 12, what is -2 - -558?
556
In base 13, what is -1 - -119?
118
In base 13, what is -4a - -7?
-43
In base 9, what is -11 - 3243?
-3254
In base 16, what is -110 - 3?
-113
In base 3, what is -111 + 20112?
20001
In base 15, what is -3 - 97d?
-981
In base 9, what is 74 + -234?
-150
In base 2, what is -11011 + -10010?
-101101
In base 13, what is -360 - -3?
-35a
In base 13, what is 4 - 271a?
-2716
In base 15, what is 1bd + -5?
1b8
In base 8, what is 2 + -26?
-24
In base 10, what is -96 - -9?
-87
In base 4, what is 2221 - 2?
2213
In base 15, what is 5c96 + 3?
5c99
In base 11, what is 15 - -9?
23
In base 9, what is -1 - 64?
-65
In base 4, what is 1 + 3103?
3110
In base 12, what is -77 + -5?
-80
In base 3, what is 20 + 202?
222
In base 12, what is 1138 + -5?
1133
In base 6, what is -31 - -11?
-20
In base 2, what is 1001111 - -100?
1010011
In base 6, what is -204 + -1?
-205
In base 10, what is -18 - 98?
-116
In base 3, what is 121 + -11?
110
In base 11, what is 156 - -27?
182
In base 11, what is 3 + 112?
115
In base 14, what is -6 - -42?
3a
In base 9, what is -3 - 133?
-136
In base 14, what is -277 - -2?
-275
In base 5, what is 40 - 3130?
-3040
In base 8, what is -4342 + 6?
-4334
In base 5, what is 13113 - -1?
13114
In base 12, what is -a5 + -2?
-a7
In base 7, what is 2 - 35?
-33
In base 12, what is 7 - -9?
14
In base 5, what is 1131 - -10?
1141
In base 15, what is -8 - -3b4?
3ab
In base 3, what is -11 - 1022?
-1110
In base 5, what is -100 + 211?
111
In base 8, what is -530 + 4?
-524
In base 5, what is 11 - -122?
133
In base 11, what is 1 - 735?
-734
In base 9, what is 2016 - 1?
2015
In base 10, what is -1 - -58?
57
In base 2, what is -10010100 - 10?
-10010110
In base 13, what is 0 - 345?
-345
In base 5, what is -4100 + 10?
-4040
In base 11, what is -3 + -7a?
-82
In base 2, what is 0 + 1110000100?
1110000100
In base 16, what is 1f8 + -a?
1ee
In base 10, what is 2 - -1435?
1437
In base 8, what is 34 - 1?
33
In base 9, what is -106 + 67?
-28
In base 5, what is -33 + 1134?
1101
In base 11, what is -80 + -91?
-161
In base 4, what is -10 + -12133?
-12203
In base 14, what is -2 - -6bb?
6b9
In base 15, what is 3 + c?
10
In base 10, what is 5 + 208?
213
In base 13, what is 2 - -6a?
6c
In base 12, what is 0 + -1310?
-1310
In base 9, what is -5 + 1028?
1023
In base 13, what is -2 - 69?
-6b
In base 12, what is 205 + -3?
202
In base 5, what is 3 - -432?
440
In base 11, what is 4 + 890?
894
In base 10, what is -9 - -7?
-2
In base 8, what is 666 - -3?
671
In base 4, what is -1031 + -11?
-1102
In base 6, what is -1353 + 3?
-1350
In base 11, what is -a + 20?
11
In base 16, what is 4 + 172?
176
In base 14, what is -29 - 2?
-2b
In base 9, what is 216 + 2?
218
In base 16, what is -26a - -c?
-25e
In base 8, what is -1 + 41?
40
In base 6, what is 3 - -215?
222
In base 5, what is 114330 + 3?
114333
In base 10, what is -5 - 12?
-17
In base 6, what is 3 + -25?
-22
In base 16, what is -221 + 1?
-220
In base 14, what is 7 - 16c?
-165
In base 15, what is 6 + -16e?
-168
In base 2, what is 110001010 - -100?
110001110
In base 7, what is 13 + 133?
146
In base 16, what is 1f + -9?
16
In base 13, what is 2cc + 4?
303
In base 2, what is 110001 - -10?
110011
In base 11, what is 6 + -38?
-32
In base 8, what is -2 - 105?
-107
In base 7, what is -4640 + 2?
-4635
In base 6, what is 0 - -1542?
1542
In base 16, what is -5 - d69?
-d6e
In base 11, what is -174 + -4?
-178
In base 8, what is -14 + -26?
-42
In base 10, what is -2674 + 0?
-2674
In base 14, what is -121 - -4?
-11b
In base 4, what is -10203 - 10?
-10213
In base 10, what is -49 - -6?
-43
In base 12, what is 0 - 5?
-5
In base 12, what is -199 - 1?
-19a
In base 8, what is -1 + -3545?
-3546
In base 8, what is -2 - -425?
423
In base 12, what is 1101 + -7?
10b6
In base 3, what is 10201 - -10?
10211
In base 11, what is -363 - -4?
-35a
In base 12, what is -4 + -60?
-64
In base 10, what is -5 - 14?
-19
In base 16, what is -e7 + 7?
-e0
In base 12, what is 5 - -117?
120
In base 13, what is 17b5 + -4?
17b1
In base 13, what is 2c1 + 5?
2c6
In base 2, what is -11 - -11111?
11100
In base 8, what is -2